{"id":4887,"date":"2019-11-06T06:59:13","date_gmt":"2019-11-06T05:59:13","guid":{"rendered":"https:\/\/nozama.pro\/?post_type=product&#038;p=4887"},"modified":"2019-11-06T07:01:39","modified_gmt":"2019-11-06T06:01:39","slug":"ape-supercaid-block-bromadiolone-multicereales-rats-et-souris-300g","status":"publish","type":"product","link":"https:\/\/nozama.pro\/index.php\/product\/ape-supercaid-block-bromadiolone-multicereales-rats-et-souris-300g\/","title":{"rendered":"APE &#8211; SUPERCAID BLOCK BROMADIOLONE MULTIC\u00c9R\u00c9ALES rats et souris &#8211; 300g"},"content":{"rendered":"<p>[vc_row][vc_column][vc_column_text]<\/p>\n<div class=\"page\" title=\"Page 1\">\n<div class=\"section\">\n<div class=\"layoutArea\">\n<div class=\"column\">\n<p><strong>SUPERCA\u00cfD BLOCK<\/strong> est un Rodenticide TOUTES ESP\u00c8CES pr\u00eat \u00e0 l\u2019emploi qui permet d\u2019\u00e9liminer l\u2019ensemble des rongeurs et nuisibles r\u00e9sistants. Son pouvoir hydrofuge lui conf\u00e8re une tr\u00e8s longue conservation en milieu humide. Une seule ingestion est fatale.<\/p>\n<p><strong>MULTICEREALES<\/strong> lieu humide, app\u00e2t bloc 25g avec trou perc\u00e9 qui permet une accroche pour une consommation sur place.<\/p>\n<p>M\u00e9lange unique d\u2019un muesli aromatis\u00e9 \u00e0 chaud. Curatif et pr\u00e9ventif. La mol\u00e9cule anti-coagulante choisie est: <em>bromadiolone<\/em>.<br \/>\nNe moisit pas, ne se d\u00e9lite pas, tr\u00e8s longue conservation.<\/p>\n<\/div>\n<\/div>\n<\/div>\n<\/div>\n<p>[\/vc_column_text][\/vc_column][\/vc_row][vc_row css=&#8221;.vc_custom_1569146561550{padding-top: 50px !important;}&#8221;][vc_column width=&#8221;1\/3&#8243;][vc_single_image image=&#8221;2939&#8243; alignment=&#8221;center&#8221;][vc_btn title=&#8221;Voir la fiche conseil&#8221; color=&#8221;vista-blue&#8221; align=&#8221;center&#8221; css_animation=&#8221;none&#8221; link=&#8221;url:https%3A%2F%2Fnozama.pro%2Fwp-content%2Fuploads%2F2019%2F11%2FFC-supercaid-block-lutte-cibl%C3%A9e.pdf|||&#8221;][\/vc_column][vc_column width=&#8221;1\/3&#8243;][vc_single_image image=&#8221;2940&#8243; alignment=&#8221;center&#8221; label=&#8221;&#8221;][vc_btn title=&#8221;Voir la fiche s\u00e9curit\u00e9&#8221; color=&#8221;vista-blue&#8221; align=&#8221;center&#8221; css_animation=&#8221;none&#8221; link=&#8221;url:https%3A%2F%2Fnozama.pro%2Fwp-content%2Fuploads%2F2019%2F11%2FFS-APE-Supercaid-Block.pdf|||&#8221;][\/vc_column][vc_column width=&#8221;1\/3&#8243;][\/vc_column][\/vc_row]<\/p>\n","protected":false},"excerpt":{"rendered":"<p>[vc_row][vc_column][vc_column_text] SUPERCA\u00cfD BLOCK est un Rodenticide TOUTES ESP\u00c8CES pr\u00eat \u00e0 l\u2019emploi qui permet d\u2019\u00e9liminer l\u2019ensemble des rongeurs et nuisibles r\u00e9sistants. Son pouvoir hydrofuge lui conf\u00e8re une tr\u00e8s longue conservation en milieu humide. Une seule ingestion est fatale. MULTICEREALES lieu humide, app\u00e2t bloc 25g avec trou perc\u00e9 qui permet une accroche pour une consommation sur place. [&hellip;]<\/p>\n","protected":false},"featured_media":4879,"comment_status":"open","ping_status":"closed","template":"","meta":[],"product_cat":[101,110],"product_tag":[],"yoast_head":"<!-- This site is optimized with the Yoast SEO plugin v20.5 - https:\/\/yoast.com\/wordpress\/plugins\/seo\/ -->\n<title>APE - SUPERCAID BLOCK BROMADIOLONE MULTIC\u00c9R\u00c9ALES rats et souris - 300g - nozama<\/title>\n<meta name=\"robots\" content=\"index, follow, max-snippet:-1, max-image-preview:large, max-video-preview:-1\" \/>\n<link rel=\"canonical\" href=\"https:\/\/nozama.pro\/index.php\/product\/ape-supercaid-block-bromadiolone-multicereales-rats-et-souris-300g\/\" \/>\n<meta property=\"og:locale\" content=\"fr_FR\" \/>\n<meta property=\"og:type\" content=\"article\" \/>\n<meta property=\"og:title\" content=\"APE - SUPERCAID BLOCK BROMADIOLONE MULTIC\u00c9R\u00c9ALES rats et souris - 300g - nozama\" \/>\n<meta property=\"og:description\" content=\"[vc_row][vc_column][vc_column_text] SUPERCA\u00cfD BLOCK est un Rodenticide TOUTES ESP\u00c8CES pr\u00eat \u00e0 l\u2019emploi qui permet d\u2019\u00e9liminer l\u2019ensemble des rongeurs et nuisibles r\u00e9sistants. Son pouvoir hydrofuge lui conf\u00e8re une tr\u00e8s longue conservation en milieu humide. Une seule ingestion est fatale. MULTICEREALES lieu humide, app\u00e2t bloc 25g avec trou perc\u00e9 qui permet une accroche pour une consommation sur place. [&hellip;]\" \/>\n<meta property=\"og:url\" content=\"https:\/\/nozama.pro\/index.php\/product\/ape-supercaid-block-bromadiolone-multicereales-rats-et-souris-300g\/\" \/>\n<meta property=\"og:site_name\" content=\"nozama\" \/>\n<meta property=\"article:modified_time\" content=\"2019-11-06T06:01:39+00:00\" \/>\n<meta property=\"og:image\" content=\"https:\/\/nozama.pro\/wp-content\/uploads\/2019\/11\/ape-supercaid-block-multicereales-031212.jpg\" \/>\n\t<meta property=\"og:image:width\" content=\"600\" \/>\n\t<meta property=\"og:image:height\" content=\"600\" \/>\n\t<meta property=\"og:image:type\" content=\"image\/jpeg\" \/>\n<meta name=\"twitter:card\" content=\"summary_large_image\" \/>\n<meta name=\"twitter:label1\" content=\"Dur\u00e9e de lecture estim\u00e9e\" \/>\n\t<meta name=\"twitter:data1\" content=\"1 minute\" \/>\n<script type=\"application\/ld+json\" class=\"yoast-schema-graph\">{\"@context\":\"https:\/\/schema.org\",\"@graph\":[{\"@type\":\"WebPage\",\"@id\":\"https:\/\/nozama.pro\/index.php\/product\/ape-supercaid-block-bromadiolone-multicereales-rats-et-souris-300g\/\",\"url\":\"https:\/\/nozama.pro\/index.php\/product\/ape-supercaid-block-bromadiolone-multicereales-rats-et-souris-300g\/\",\"name\":\"APE - SUPERCAID BLOCK BROMADIOLONE MULTIC\u00c9R\u00c9ALES rats et souris - 300g - nozama\",\"isPartOf\":{\"@id\":\"https:\/\/nozama.pro\/#website\"},\"datePublished\":\"2019-11-06T05:59:13+00:00\",\"dateModified\":\"2019-11-06T06:01:39+00:00\",\"breadcrumb\":{\"@id\":\"https:\/\/nozama.pro\/index.php\/product\/ape-supercaid-block-bromadiolone-multicereales-rats-et-souris-300g\/#breadcrumb\"},\"inLanguage\":\"fr-FR\",\"potentialAction\":[{\"@type\":\"ReadAction\",\"target\":[\"https:\/\/nozama.pro\/index.php\/product\/ape-supercaid-block-bromadiolone-multicereales-rats-et-souris-300g\/\"]}]},{\"@type\":\"BreadcrumbList\",\"@id\":\"https:\/\/nozama.pro\/index.php\/product\/ape-supercaid-block-bromadiolone-multicereales-rats-et-souris-300g\/#breadcrumb\",\"itemListElement\":[{\"@type\":\"ListItem\",\"position\":1,\"name\":\"Accueil\",\"item\":\"https:\/\/nozama.pro\/\"},{\"@type\":\"ListItem\",\"position\":2,\"name\":\"Cat\u00e9gories\",\"item\":\"https:\/\/nozama.pro\/index.php\/categories\/\"},{\"@type\":\"ListItem\",\"position\":3,\"name\":\"APE &#8211; SUPERCAID BLOCK BROMADIOLONE MULTIC\u00c9R\u00c9ALES rats et souris &#8211; 300g\"}]},{\"@type\":\"WebSite\",\"@id\":\"https:\/\/nozama.pro\/#website\",\"url\":\"https:\/\/nozama.pro\/\",\"name\":\"nozama\",\"description\":\"Les solutions du quotidien\",\"potentialAction\":[{\"@type\":\"SearchAction\",\"target\":{\"@type\":\"EntryPoint\",\"urlTemplate\":\"https:\/\/nozama.pro\/?s={search_term_string}\"},\"query-input\":\"required name=search_term_string\"}],\"inLanguage\":\"fr-FR\"}]}<\/script>\n<!-- \/ Yoast SEO plugin. -->","yoast_head_json":{"title":"APE - SUPERCAID BLOCK BROMADIOLONE MULTIC\u00c9R\u00c9ALES rats et souris - 300g - nozama","robots":{"index":"index","follow":"follow","max-snippet":"max-snippet:-1","max-image-preview":"max-image-preview:large","max-video-preview":"max-video-preview:-1"},"canonical":"https:\/\/nozama.pro\/index.php\/product\/ape-supercaid-block-bromadiolone-multicereales-rats-et-souris-300g\/","og_locale":"fr_FR","og_type":"article","og_title":"APE - SUPERCAID BLOCK BROMADIOLONE MULTIC\u00c9R\u00c9ALES rats et souris - 300g - nozama","og_description":"[vc_row][vc_column][vc_column_text] SUPERCA\u00cfD BLOCK est un Rodenticide TOUTES ESP\u00c8CES pr\u00eat \u00e0 l\u2019emploi qui permet d\u2019\u00e9liminer l\u2019ensemble des rongeurs et nuisibles r\u00e9sistants. Son pouvoir hydrofuge lui conf\u00e8re une tr\u00e8s longue conservation en milieu humide. Une seule ingestion est fatale. MULTICEREALES lieu humide, app\u00e2t bloc 25g avec trou perc\u00e9 qui permet une accroche pour une consommation sur place. [&hellip;]","og_url":"https:\/\/nozama.pro\/index.php\/product\/ape-supercaid-block-bromadiolone-multicereales-rats-et-souris-300g\/","og_site_name":"nozama","article_modified_time":"2019-11-06T06:01:39+00:00","og_image":[{"width":600,"height":600,"url":"https:\/\/nozama.pro\/wp-content\/uploads\/2019\/11\/ape-supercaid-block-multicereales-031212.jpg","type":"image\/jpeg"}],"twitter_card":"summary_large_image","twitter_misc":{"Dur\u00e9e de lecture estim\u00e9e":"1 minute"},"schema":{"@context":"https:\/\/schema.org","@graph":[{"@type":"WebPage","@id":"https:\/\/nozama.pro\/index.php\/product\/ape-supercaid-block-bromadiolone-multicereales-rats-et-souris-300g\/","url":"https:\/\/nozama.pro\/index.php\/product\/ape-supercaid-block-bromadiolone-multicereales-rats-et-souris-300g\/","name":"APE - SUPERCAID BLOCK BROMADIOLONE MULTIC\u00c9R\u00c9ALES rats et souris - 300g - nozama","isPartOf":{"@id":"https:\/\/nozama.pro\/#website"},"datePublished":"2019-11-06T05:59:13+00:00","dateModified":"2019-11-06T06:01:39+00:00","breadcrumb":{"@id":"https:\/\/nozama.pro\/index.php\/product\/ape-supercaid-block-bromadiolone-multicereales-rats-et-souris-300g\/#breadcrumb"},"inLanguage":"fr-FR","potentialAction":[{"@type":"ReadAction","target":["https:\/\/nozama.pro\/index.php\/product\/ape-supercaid-block-bromadiolone-multicereales-rats-et-souris-300g\/"]}]},{"@type":"BreadcrumbList","@id":"https:\/\/nozama.pro\/index.php\/product\/ape-supercaid-block-bromadiolone-multicereales-rats-et-souris-300g\/#breadcrumb","itemListElement":[{"@type":"ListItem","position":1,"name":"Accueil","item":"https:\/\/nozama.pro\/"},{"@type":"ListItem","position":2,"name":"Cat\u00e9gories","item":"https:\/\/nozama.pro\/index.php\/categories\/"},{"@type":"ListItem","position":3,"name":"APE &#8211; SUPERCAID BLOCK BROMADIOLONE MULTIC\u00c9R\u00c9ALES rats et souris &#8211; 300g"}]},{"@type":"WebSite","@id":"https:\/\/nozama.pro\/#website","url":"https:\/\/nozama.pro\/","name":"nozama","description":"Les solutions du quotidien","potentialAction":[{"@type":"SearchAction","target":{"@type":"EntryPoint","urlTemplate":"https:\/\/nozama.pro\/?s={search_term_string}"},"query-input":"required name=search_term_string"}],"inLanguage":"fr-FR"}]}},"_links":{"self":[{"href":"https:\/\/nozama.pro\/index.php\/wp-json\/wp\/v3\/product\/4887"}],"collection":[{"href":"https:\/\/nozama.pro\/index.php\/wp-json\/wp\/v3\/product"}],"about":[{"href":"https:\/\/nozama.pro\/index.php\/wp-json\/wp\/v2\/types\/product"}],"replies":[{"embeddable":true,"href":"https:\/\/nozama.pro\/index.php\/wp-json\/wp\/v2\/comments?post=4887"}],"wp:featuredmedia":[{"embeddable":true,"href":"https:\/\/nozama.pro\/index.php\/wp-json\/wp\/v2\/media\/4879"}],"wp:attachment":[{"href":"https:\/\/nozama.pro\/index.php\/wp-json\/wp\/v2\/media?parent=4887"}],"wp:term":[{"taxonomy":"product_cat","embeddable":true,"href":"https:\/\/nozama.pro\/index.php\/wp-json\/wp\/v2\/product_cat?post=4887"},{"taxonomy":"product_tag","embeddable":true,"href":"https:\/\/nozama.pro\/index.php\/wp-json\/wp\/v2\/product_tag?post=4887"}],"curies":[{"name":"wp","href":"https:\/\/api.w.org\/{rel}","templated":true}]}}