{"id":53269,"date":"2023-10-16T11:28:59","date_gmt":"2023-10-16T09:28:59","guid":{"rendered":"https:\/\/nozama.pro\/?post_type=product&#038;p=53269"},"modified":"2023-10-18T12:15:14","modified_gmt":"2023-10-18T10:15:14","slug":"nourrissant-darme-250ml","status":"publish","type":"product","link":"https:\/\/nozama.pro\/index.php\/product\/nourrissant-darme-250ml\/","title":{"rendered":"NOURRISSANT D\u2019ARME &#8211; 250ml"},"content":{"rendered":"<p>[vc_row][vc_column][vc_column_text]<\/p>\n<h4 class=\"p1\">Nettoyant lubrifiant et protecteur<\/h4>\n<hr \/>\n<p class=\"p1\"><strong>Mode d\u2019emploi<\/strong><\/p>\n<p class=\"p1\">Appliquer g\u00e9n\u00e9reusement <b>ARMENET NOURRISSANT D\u2019ARME<\/b> sur<br \/>\nl\u2019ensemble de l\u2019arme.<\/p>\n<p class=\"p1\">laisser agir 3 minutes. Lustrer ensuite \u00e0 l\u2019aide d\u2019un chiffon doux afin d\u2019obtenir une protection et une propret\u00e9 parfaite de l\u2019arme.<\/p>\n<p class=\"p1\"><b>ARMENET NOURRISSANT D\u2019ARME<\/b> en tant que recharge, permet de r\u00e9imbiber \u00e0 volont\u00e9 les <b>lingettes ARMENET.<\/b><\/p>\n<hr \/>\n<p class=\"p1\"><strong>Propri\u00e9t\u00e9s<\/strong><\/p>\n<p class=\"p1\"><b>ARMENET NOURRISSANT D\u2019ARME<\/b> est pr\u00eat \u00e0 l\u2019emploi, Il nettoie, lubrifie, entretien, prot\u00e8ge et redonne l\u2019\u00e9clat du neuf \u00e0 vos armes. Il permet d\u2019obtenir un brillant naturel (satin\u00e9) et une r\u00e9sistante accrue \u00e0 l\u2019usure et de longue dur\u00e9e gr\u00e2ce \u00e0 son film protecteur hydrofuge et ol\u00e9ofuge.<\/p>\n<p class=\"p3\"><i>Process de fabrication 100% v\u00e9g\u00e9tal, sans traitement chimique ni raffinage. mati\u00e8res actives issues de l\u2019agriculture biologique. 100%<span class=\"Apple-converted-space\">\u00a0 <\/span>biod\u00e9gradable<\/i><\/p>\n<p>[\/vc_column_text][\/vc_column][\/vc_row][vc_row css=&#8221;.vc_custom_1569146561550{padding-top: 50px !important;}&#8221;][vc_column width=&#8221;1\/3&#8243;][vc_single_image image=&#8221;2939&#8243; alignment=&#8221;center&#8221;][vc_btn title=&#8221;Voir la fiche conseil&#8221; color=&#8221;vista-blue&#8221; align=&#8221;center&#8221; css_animation=&#8221;none&#8221; link=&#8221;url:https%3A%2F%2Fnozama.pro%2Fwp-content%2Fuploads%2F2023%2F10%2FFC-ARMENET-nourissant-d-arme.pdf&#8221;][\/vc_column][vc_column width=&#8221;1\/3&#8243;][\/vc_column][\/vc_row]<\/p>\n","protected":false},"excerpt":{"rendered":"<p>[vc_row][vc_column][vc_column_text] Nettoyant lubrifiant et protecteur Mode d\u2019emploi Appliquer g\u00e9n\u00e9reusement ARMENET NOURRISSANT D\u2019ARME sur l\u2019ensemble de l\u2019arme. laisser agir 3 minutes. Lustrer ensuite \u00e0 l\u2019aide d\u2019un chiffon doux afin d\u2019obtenir une protection et une propret\u00e9 parfaite de l\u2019arme. ARMENET NOURRISSANT D\u2019ARME en tant que recharge, permet de r\u00e9imbiber \u00e0 volont\u00e9 les lingettes ARMENET. Propri\u00e9t\u00e9s ARMENET NOURRISSANT [&hellip;]<\/p>\n","protected":false},"featured_media":53250,"comment_status":"open","ping_status":"closed","template":"","meta":[],"product_cat":[127,119],"product_tag":[],"yoast_head":"<!-- This site is optimized with the Yoast SEO plugin v20.5 - https:\/\/yoast.com\/wordpress\/plugins\/seo\/ -->\n<title>NOURRISSANT D\u2019ARME - 250ml - nozama<\/title>\n<meta name=\"robots\" content=\"index, follow, max-snippet:-1, max-image-preview:large, max-video-preview:-1\" \/>\n<link rel=\"canonical\" href=\"https:\/\/nozama.pro\/index.php\/product\/nourrissant-darme-250ml\/\" \/>\n<meta property=\"og:locale\" content=\"fr_FR\" \/>\n<meta property=\"og:type\" content=\"article\" \/>\n<meta property=\"og:title\" content=\"NOURRISSANT D\u2019ARME - 250ml - nozama\" \/>\n<meta property=\"og:description\" content=\"[vc_row][vc_column][vc_column_text] Nettoyant lubrifiant et protecteur Mode d\u2019emploi Appliquer g\u00e9n\u00e9reusement ARMENET NOURRISSANT D\u2019ARME sur l\u2019ensemble de l\u2019arme. laisser agir 3 minutes. Lustrer ensuite \u00e0 l\u2019aide d\u2019un chiffon doux afin d\u2019obtenir une protection et une propret\u00e9 parfaite de l\u2019arme. ARMENET NOURRISSANT D\u2019ARME en tant que recharge, permet de r\u00e9imbiber \u00e0 volont\u00e9 les lingettes ARMENET. Propri\u00e9t\u00e9s ARMENET NOURRISSANT [&hellip;]\" \/>\n<meta property=\"og:url\" content=\"https:\/\/nozama.pro\/index.php\/product\/nourrissant-darme-250ml\/\" \/>\n<meta property=\"og:site_name\" content=\"nozama\" \/>\n<meta property=\"article:modified_time\" content=\"2023-10-18T10:15:14+00:00\" \/>\n<meta property=\"og:image\" content=\"https:\/\/nozama.pro\/wp-content\/uploads\/2023\/10\/nourrissant-darme.jpg\" \/>\n\t<meta property=\"og:image:width\" content=\"600\" \/>\n\t<meta property=\"og:image:height\" content=\"600\" \/>\n\t<meta property=\"og:image:type\" content=\"image\/jpeg\" \/>\n<meta name=\"twitter:card\" content=\"summary_large_image\" \/>\n<meta name=\"twitter:label1\" content=\"Dur\u00e9e de lecture estim\u00e9e\" \/>\n\t<meta name=\"twitter:data1\" content=\"1 minute\" \/>\n<script type=\"application\/ld+json\" class=\"yoast-schema-graph\">{\"@context\":\"https:\/\/schema.org\",\"@graph\":[{\"@type\":\"WebPage\",\"@id\":\"https:\/\/nozama.pro\/index.php\/product\/nourrissant-darme-250ml\/\",\"url\":\"https:\/\/nozama.pro\/index.php\/product\/nourrissant-darme-250ml\/\",\"name\":\"NOURRISSANT D\u2019ARME - 250ml - nozama\",\"isPartOf\":{\"@id\":\"https:\/\/nozama.pro\/#website\"},\"datePublished\":\"2023-10-16T09:28:59+00:00\",\"dateModified\":\"2023-10-18T10:15:14+00:00\",\"breadcrumb\":{\"@id\":\"https:\/\/nozama.pro\/index.php\/product\/nourrissant-darme-250ml\/#breadcrumb\"},\"inLanguage\":\"fr-FR\",\"potentialAction\":[{\"@type\":\"ReadAction\",\"target\":[\"https:\/\/nozama.pro\/index.php\/product\/nourrissant-darme-250ml\/\"]}]},{\"@type\":\"BreadcrumbList\",\"@id\":\"https:\/\/nozama.pro\/index.php\/product\/nourrissant-darme-250ml\/#breadcrumb\",\"itemListElement\":[{\"@type\":\"ListItem\",\"position\":1,\"name\":\"Accueil\",\"item\":\"https:\/\/nozama.pro\/\"},{\"@type\":\"ListItem\",\"position\":2,\"name\":\"Cat\u00e9gories\",\"item\":\"https:\/\/nozama.pro\/index.php\/categories\/\"},{\"@type\":\"ListItem\",\"position\":3,\"name\":\"NOURRISSANT D\u2019ARME &#8211; 250ml\"}]},{\"@type\":\"WebSite\",\"@id\":\"https:\/\/nozama.pro\/#website\",\"url\":\"https:\/\/nozama.pro\/\",\"name\":\"nozama\",\"description\":\"Les solutions du quotidien\",\"potentialAction\":[{\"@type\":\"SearchAction\",\"target\":{\"@type\":\"EntryPoint\",\"urlTemplate\":\"https:\/\/nozama.pro\/?s={search_term_string}\"},\"query-input\":\"required name=search_term_string\"}],\"inLanguage\":\"fr-FR\"}]}<\/script>\n<!-- \/ Yoast SEO plugin. -->","yoast_head_json":{"title":"NOURRISSANT D\u2019ARME - 250ml - nozama","robots":{"index":"index","follow":"follow","max-snippet":"max-snippet:-1","max-image-preview":"max-image-preview:large","max-video-preview":"max-video-preview:-1"},"canonical":"https:\/\/nozama.pro\/index.php\/product\/nourrissant-darme-250ml\/","og_locale":"fr_FR","og_type":"article","og_title":"NOURRISSANT D\u2019ARME - 250ml - nozama","og_description":"[vc_row][vc_column][vc_column_text] Nettoyant lubrifiant et protecteur Mode d\u2019emploi Appliquer g\u00e9n\u00e9reusement ARMENET NOURRISSANT D\u2019ARME sur l\u2019ensemble de l\u2019arme. laisser agir 3 minutes. Lustrer ensuite \u00e0 l\u2019aide d\u2019un chiffon doux afin d\u2019obtenir une protection et une propret\u00e9 parfaite de l\u2019arme. ARMENET NOURRISSANT D\u2019ARME en tant que recharge, permet de r\u00e9imbiber \u00e0 volont\u00e9 les lingettes ARMENET. Propri\u00e9t\u00e9s ARMENET NOURRISSANT [&hellip;]","og_url":"https:\/\/nozama.pro\/index.php\/product\/nourrissant-darme-250ml\/","og_site_name":"nozama","article_modified_time":"2023-10-18T10:15:14+00:00","og_image":[{"width":600,"height":600,"url":"https:\/\/nozama.pro\/wp-content\/uploads\/2023\/10\/nourrissant-darme.jpg","type":"image\/jpeg"}],"twitter_card":"summary_large_image","twitter_misc":{"Dur\u00e9e de lecture estim\u00e9e":"1 minute"},"schema":{"@context":"https:\/\/schema.org","@graph":[{"@type":"WebPage","@id":"https:\/\/nozama.pro\/index.php\/product\/nourrissant-darme-250ml\/","url":"https:\/\/nozama.pro\/index.php\/product\/nourrissant-darme-250ml\/","name":"NOURRISSANT D\u2019ARME - 250ml - nozama","isPartOf":{"@id":"https:\/\/nozama.pro\/#website"},"datePublished":"2023-10-16T09:28:59+00:00","dateModified":"2023-10-18T10:15:14+00:00","breadcrumb":{"@id":"https:\/\/nozama.pro\/index.php\/product\/nourrissant-darme-250ml\/#breadcrumb"},"inLanguage":"fr-FR","potentialAction":[{"@type":"ReadAction","target":["https:\/\/nozama.pro\/index.php\/product\/nourrissant-darme-250ml\/"]}]},{"@type":"BreadcrumbList","@id":"https:\/\/nozama.pro\/index.php\/product\/nourrissant-darme-250ml\/#breadcrumb","itemListElement":[{"@type":"ListItem","position":1,"name":"Accueil","item":"https:\/\/nozama.pro\/"},{"@type":"ListItem","position":2,"name":"Cat\u00e9gories","item":"https:\/\/nozama.pro\/index.php\/categories\/"},{"@type":"ListItem","position":3,"name":"NOURRISSANT D\u2019ARME &#8211; 250ml"}]},{"@type":"WebSite","@id":"https:\/\/nozama.pro\/#website","url":"https:\/\/nozama.pro\/","name":"nozama","description":"Les solutions du quotidien","potentialAction":[{"@type":"SearchAction","target":{"@type":"EntryPoint","urlTemplate":"https:\/\/nozama.pro\/?s={search_term_string}"},"query-input":"required name=search_term_string"}],"inLanguage":"fr-FR"}]}},"_links":{"self":[{"href":"https:\/\/nozama.pro\/index.php\/wp-json\/wp\/v3\/product\/53269"}],"collection":[{"href":"https:\/\/nozama.pro\/index.php\/wp-json\/wp\/v3\/product"}],"about":[{"href":"https:\/\/nozama.pro\/index.php\/wp-json\/wp\/v2\/types\/product"}],"replies":[{"embeddable":true,"href":"https:\/\/nozama.pro\/index.php\/wp-json\/wp\/v2\/comments?post=53269"}],"wp:featuredmedia":[{"embeddable":true,"href":"https:\/\/nozama.pro\/index.php\/wp-json\/wp\/v2\/media\/53250"}],"wp:attachment":[{"href":"https:\/\/nozama.pro\/index.php\/wp-json\/wp\/v2\/media?parent=53269"}],"wp:term":[{"taxonomy":"product_cat","embeddable":true,"href":"https:\/\/nozama.pro\/index.php\/wp-json\/wp\/v2\/product_cat?post=53269"},{"taxonomy":"product_tag","embeddable":true,"href":"https:\/\/nozama.pro\/index.php\/wp-json\/wp\/v2\/product_tag?post=53269"}],"curies":[{"name":"wp","href":"https:\/\/api.w.org\/{rel}","templated":true}]}}