{"id":53279,"date":"2023-10-16T12:48:46","date_gmt":"2023-10-16T10:48:46","guid":{"rendered":"https:\/\/nozama.pro\/?post_type=product&#038;p=53279"},"modified":"2023-10-18T12:13:50","modified_gmt":"2023-10-18T10:13:50","slug":"popote-du-tanneur-250ml","status":"publish","type":"product","link":"https:\/\/nozama.pro\/index.php\/product\/popote-du-tanneur-250ml\/","title":{"rendered":"POPOTE DU TANNEUR &#8211; 250ml"},"content":{"rendered":"<p>[vc_row][vc_column][vc_column_text]<\/p>\n<h4 class=\"p1\">Revitalisant<\/h4>\n<h4 class=\"p1\">Nettoie, Nourrit, R\u00e9hydrate,<\/h4>\n<h4 class=\"p1\">Imperm\u00e9abilise,<\/h4>\n<h4 class=\"p1\">anti-t\u00e2ches<\/h4>\n<hr \/>\n<p class=\"p1\"><strong>Mode d\u2019emploi<\/strong><\/p>\n<p class=\"p1\">Appliquer <b>ARMENET POPOTE DU TANNEUR<\/b> g\u00e9n\u00e9reusement au pinceau. Laisser p\u00e9n\u00e9trer. Renouveler l\u2019op\u00e9ration autant de fois que n\u00e9cessaire, jusqu\u2019\u00e0 refoulement jusqu\u2019a ce que la pi\u00e8ce trait\u00e9e n\u2019absorbe plus. Attendre un minimum de 30 minutes afin que le produit p\u00e9n\u00e8tre bien en profondeur. Enlever le surplus avec un chiffon. Laisser s\u00e9cher une douzaine d\u2019heures. Lustrer ensuite \u00e0 l\u2019aide d\u2019un chiffon doux afin d\u2019obtenir une protection et une finition parfaite de vos articles neufs ou anciens et afin de retrouverez l\u2019\u00e9clat de leur jeunesse.<\/p>\n<p class=\"p2\"><i>Remarque : avant application faire imp\u00e9rativement un essai sur une partie non visible. Il est normal que le cuir ou le caoutchouc s\u2019assombrisse lorsque l\u2019on applique le produit. <\/i><\/p>\n<hr \/>\n<p class=\"p1\"><strong>Propri\u00e9t\u00e9s<\/strong><\/p>\n<p class=\"p1\"><b>ARMENET POPOTE DU TANNEUR<\/b> se pr\u00e9sente sous forme de laque claire non colorante. il est pr\u00eat \u00e0 l\u2019emploi. Simple d\u2019utilisation, il entretient et \u00e9vite l\u2019apparition de craquelures par la revitalisation. Souligne le veinage et la teinte par la r\u00e9hydratation, nettoie et fait briller sans odeur d\u00e9sagr\u00e9able. Nourrit, soigne et assouplit en profondeur les articles neufs et anciens dess\u00e9ch\u00e9s ou crevass\u00e9s des \u00e9tuis \u00e0 fusil\u2026 Embellit et prolonge la vie de vos articles. Prot\u00e8ge de par sa fonction anti-t\u00e2ches et imperm\u00e9abilise gr\u00e2ce \u00e0 son film protecteur hydrofuge et ol\u00e9ofuge. Il redonne l\u2019\u00e9clat du neuf \u00e0 l\u2019ensemble de vos articles.<\/p>\n<p class=\"p3\"><i>COMPOSITION\u00a0: Huile combin\u00e9e (*100 % du total des ingr\u00e9dients sont d\u2019origine naturelle.<br \/>\nFormul\u00e9 \u00e0 100 % avec des ingr\u00e9dients d\u2019origine agricole)<\/i><\/p>\n<p>[\/vc_column_text][\/vc_column][\/vc_row][vc_row css=&#8221;.vc_custom_1569146561550{padding-top: 50px !important;}&#8221;][vc_column width=&#8221;1\/3&#8243;][vc_single_image image=&#8221;2939&#8243; alignment=&#8221;center&#8221;][vc_btn title=&#8221;Voir la fiche conseil&#8221; color=&#8221;vista-blue&#8221; align=&#8221;center&#8221; css_animation=&#8221;none&#8221; link=&#8221;url:https%3A%2F%2Fnozama.pro%2Fwp-content%2Fuploads%2F2023%2F10%2FFC-ARMENET-popote-du-tanneur.pdf&#8221;][\/vc_column][vc_column width=&#8221;1\/3&#8243;][\/vc_column][\/vc_row]<\/p>\n","protected":false},"excerpt":{"rendered":"<p>[vc_row][vc_column][vc_column_text] Revitalisant Nettoie, Nourrit, R\u00e9hydrate, Imperm\u00e9abilise, anti-t\u00e2ches Mode d\u2019emploi Appliquer ARMENET POPOTE DU TANNEUR g\u00e9n\u00e9reusement au pinceau. Laisser p\u00e9n\u00e9trer. Renouveler l\u2019op\u00e9ration autant de fois que n\u00e9cessaire, jusqu\u2019\u00e0 refoulement jusqu\u2019a ce que la pi\u00e8ce trait\u00e9e n\u2019absorbe plus. Attendre un minimum de 30 minutes afin que le produit p\u00e9n\u00e8tre bien en profondeur. Enlever le surplus avec un [&hellip;]<\/p>\n","protected":false},"featured_media":53252,"comment_status":"open","ping_status":"closed","template":"","meta":[],"product_cat":[127,119],"product_tag":[],"yoast_head":"<!-- This site is optimized with the Yoast SEO plugin v20.5 - https:\/\/yoast.com\/wordpress\/plugins\/seo\/ -->\n<title>POPOTE DU TANNEUR - 250ml - nozama<\/title>\n<meta name=\"robots\" content=\"index, follow, max-snippet:-1, max-image-preview:large, max-video-preview:-1\" \/>\n<link rel=\"canonical\" href=\"https:\/\/nozama.pro\/index.php\/product\/popote-du-tanneur-250ml\/\" \/>\n<meta property=\"og:locale\" content=\"fr_FR\" \/>\n<meta property=\"og:type\" content=\"article\" \/>\n<meta property=\"og:title\" content=\"POPOTE DU TANNEUR - 250ml - nozama\" \/>\n<meta property=\"og:description\" content=\"[vc_row][vc_column][vc_column_text] Revitalisant Nettoie, Nourrit, R\u00e9hydrate, Imperm\u00e9abilise, anti-t\u00e2ches Mode d\u2019emploi Appliquer ARMENET POPOTE DU TANNEUR g\u00e9n\u00e9reusement au pinceau. Laisser p\u00e9n\u00e9trer. Renouveler l\u2019op\u00e9ration autant de fois que n\u00e9cessaire, jusqu\u2019\u00e0 refoulement jusqu\u2019a ce que la pi\u00e8ce trait\u00e9e n\u2019absorbe plus. Attendre un minimum de 30 minutes afin que le produit p\u00e9n\u00e8tre bien en profondeur. Enlever le surplus avec un [&hellip;]\" \/>\n<meta property=\"og:url\" content=\"https:\/\/nozama.pro\/index.php\/product\/popote-du-tanneur-250ml\/\" \/>\n<meta property=\"og:site_name\" content=\"nozama\" \/>\n<meta property=\"article:modified_time\" content=\"2023-10-18T10:13:50+00:00\" \/>\n<meta property=\"og:image\" content=\"https:\/\/nozama.pro\/wp-content\/uploads\/2023\/10\/popote-du-tanneur.jpg\" \/>\n\t<meta property=\"og:image:width\" content=\"600\" \/>\n\t<meta property=\"og:image:height\" content=\"600\" \/>\n\t<meta property=\"og:image:type\" content=\"image\/jpeg\" \/>\n<meta name=\"twitter:card\" content=\"summary_large_image\" \/>\n<meta name=\"twitter:label1\" content=\"Dur\u00e9e de lecture estim\u00e9e\" \/>\n\t<meta name=\"twitter:data1\" content=\"2 minutes\" \/>\n<script type=\"application\/ld+json\" class=\"yoast-schema-graph\">{\"@context\":\"https:\/\/schema.org\",\"@graph\":[{\"@type\":\"WebPage\",\"@id\":\"https:\/\/nozama.pro\/index.php\/product\/popote-du-tanneur-250ml\/\",\"url\":\"https:\/\/nozama.pro\/index.php\/product\/popote-du-tanneur-250ml\/\",\"name\":\"POPOTE DU TANNEUR - 250ml - nozama\",\"isPartOf\":{\"@id\":\"https:\/\/nozama.pro\/#website\"},\"datePublished\":\"2023-10-16T10:48:46+00:00\",\"dateModified\":\"2023-10-18T10:13:50+00:00\",\"breadcrumb\":{\"@id\":\"https:\/\/nozama.pro\/index.php\/product\/popote-du-tanneur-250ml\/#breadcrumb\"},\"inLanguage\":\"fr-FR\",\"potentialAction\":[{\"@type\":\"ReadAction\",\"target\":[\"https:\/\/nozama.pro\/index.php\/product\/popote-du-tanneur-250ml\/\"]}]},{\"@type\":\"BreadcrumbList\",\"@id\":\"https:\/\/nozama.pro\/index.php\/product\/popote-du-tanneur-250ml\/#breadcrumb\",\"itemListElement\":[{\"@type\":\"ListItem\",\"position\":1,\"name\":\"Accueil\",\"item\":\"https:\/\/nozama.pro\/\"},{\"@type\":\"ListItem\",\"position\":2,\"name\":\"Cat\u00e9gories\",\"item\":\"https:\/\/nozama.pro\/index.php\/categories\/\"},{\"@type\":\"ListItem\",\"position\":3,\"name\":\"POPOTE DU TANNEUR &#8211; 250ml\"}]},{\"@type\":\"WebSite\",\"@id\":\"https:\/\/nozama.pro\/#website\",\"url\":\"https:\/\/nozama.pro\/\",\"name\":\"nozama\",\"description\":\"Les solutions du quotidien\",\"potentialAction\":[{\"@type\":\"SearchAction\",\"target\":{\"@type\":\"EntryPoint\",\"urlTemplate\":\"https:\/\/nozama.pro\/?s={search_term_string}\"},\"query-input\":\"required name=search_term_string\"}],\"inLanguage\":\"fr-FR\"}]}<\/script>\n<!-- \/ Yoast SEO plugin. -->","yoast_head_json":{"title":"POPOTE DU TANNEUR - 250ml - nozama","robots":{"index":"index","follow":"follow","max-snippet":"max-snippet:-1","max-image-preview":"max-image-preview:large","max-video-preview":"max-video-preview:-1"},"canonical":"https:\/\/nozama.pro\/index.php\/product\/popote-du-tanneur-250ml\/","og_locale":"fr_FR","og_type":"article","og_title":"POPOTE DU TANNEUR - 250ml - nozama","og_description":"[vc_row][vc_column][vc_column_text] Revitalisant Nettoie, Nourrit, R\u00e9hydrate, Imperm\u00e9abilise, anti-t\u00e2ches Mode d\u2019emploi Appliquer ARMENET POPOTE DU TANNEUR g\u00e9n\u00e9reusement au pinceau. Laisser p\u00e9n\u00e9trer. Renouveler l\u2019op\u00e9ration autant de fois que n\u00e9cessaire, jusqu\u2019\u00e0 refoulement jusqu\u2019a ce que la pi\u00e8ce trait\u00e9e n\u2019absorbe plus. Attendre un minimum de 30 minutes afin que le produit p\u00e9n\u00e8tre bien en profondeur. Enlever le surplus avec un [&hellip;]","og_url":"https:\/\/nozama.pro\/index.php\/product\/popote-du-tanneur-250ml\/","og_site_name":"nozama","article_modified_time":"2023-10-18T10:13:50+00:00","og_image":[{"width":600,"height":600,"url":"https:\/\/nozama.pro\/wp-content\/uploads\/2023\/10\/popote-du-tanneur.jpg","type":"image\/jpeg"}],"twitter_card":"summary_large_image","twitter_misc":{"Dur\u00e9e de lecture estim\u00e9e":"2 minutes"},"schema":{"@context":"https:\/\/schema.org","@graph":[{"@type":"WebPage","@id":"https:\/\/nozama.pro\/index.php\/product\/popote-du-tanneur-250ml\/","url":"https:\/\/nozama.pro\/index.php\/product\/popote-du-tanneur-250ml\/","name":"POPOTE DU TANNEUR - 250ml - nozama","isPartOf":{"@id":"https:\/\/nozama.pro\/#website"},"datePublished":"2023-10-16T10:48:46+00:00","dateModified":"2023-10-18T10:13:50+00:00","breadcrumb":{"@id":"https:\/\/nozama.pro\/index.php\/product\/popote-du-tanneur-250ml\/#breadcrumb"},"inLanguage":"fr-FR","potentialAction":[{"@type":"ReadAction","target":["https:\/\/nozama.pro\/index.php\/product\/popote-du-tanneur-250ml\/"]}]},{"@type":"BreadcrumbList","@id":"https:\/\/nozama.pro\/index.php\/product\/popote-du-tanneur-250ml\/#breadcrumb","itemListElement":[{"@type":"ListItem","position":1,"name":"Accueil","item":"https:\/\/nozama.pro\/"},{"@type":"ListItem","position":2,"name":"Cat\u00e9gories","item":"https:\/\/nozama.pro\/index.php\/categories\/"},{"@type":"ListItem","position":3,"name":"POPOTE DU TANNEUR &#8211; 250ml"}]},{"@type":"WebSite","@id":"https:\/\/nozama.pro\/#website","url":"https:\/\/nozama.pro\/","name":"nozama","description":"Les solutions du quotidien","potentialAction":[{"@type":"SearchAction","target":{"@type":"EntryPoint","urlTemplate":"https:\/\/nozama.pro\/?s={search_term_string}"},"query-input":"required name=search_term_string"}],"inLanguage":"fr-FR"}]}},"_links":{"self":[{"href":"https:\/\/nozama.pro\/index.php\/wp-json\/wp\/v3\/product\/53279"}],"collection":[{"href":"https:\/\/nozama.pro\/index.php\/wp-json\/wp\/v3\/product"}],"about":[{"href":"https:\/\/nozama.pro\/index.php\/wp-json\/wp\/v2\/types\/product"}],"replies":[{"embeddable":true,"href":"https:\/\/nozama.pro\/index.php\/wp-json\/wp\/v2\/comments?post=53279"}],"wp:featuredmedia":[{"embeddable":true,"href":"https:\/\/nozama.pro\/index.php\/wp-json\/wp\/v2\/media\/53252"}],"wp:attachment":[{"href":"https:\/\/nozama.pro\/index.php\/wp-json\/wp\/v2\/media?parent=53279"}],"wp:term":[{"taxonomy":"product_cat","embeddable":true,"href":"https:\/\/nozama.pro\/index.php\/wp-json\/wp\/v2\/product_cat?post=53279"},{"taxonomy":"product_tag","embeddable":true,"href":"https:\/\/nozama.pro\/index.php\/wp-json\/wp\/v2\/product_tag?post=53279"}],"curies":[{"name":"wp","href":"https:\/\/api.w.org\/{rel}","templated":true}]}}