{"id":8349,"date":"2020-02-04T06:28:29","date_gmt":"2020-02-04T05:28:29","guid":{"rendered":"https:\/\/nozama.pro\/?post_type=product&#038;p=8349"},"modified":"2024-03-02T22:22:11","modified_gmt":"2024-03-02T21:22:11","slug":"boite-dappatage-pm","status":"publish","type":"product","link":"https:\/\/nozama.pro\/index.php\/product\/boite-dappatage-pm\/","title":{"rendered":"Bo\u00eete d\u2019app\u00e2tage PM"},"content":{"rendered":"<p>[vc_row][vc_column][vc_column_text]Poste tunnel avec couvercle s\u00e9curis\u00e9\u00a0fermant \u00e0 cl\u00e9 afin d\u2019\u00e9viter l\u2019absorption\u00a0accidentelle par les animaux autres que\u00a0ceux pour qui le poison est destin\u00e9.<\/p>\n<p>les compartiments permettent le\u00a0positionnement \u00e0 l\u2019int\u00e9rieur du poste de\u00a0tous types d\u2019app\u00e2ts. \u00c9vite la dispersion des\u00a0app\u00e2ts.[\/vc_column_text][\/vc_column][\/vc_row][vc_row css=&#8221;.vc_custom_1569146561550{padding-top: 50px !important;}&#8221;][vc_column width=&#8221;1\/3&#8243;][vc_single_image image=&#8221;2939&#8243; alignment=&#8221;center&#8221;][vc_btn title=&#8221;Voir la fiche conseil&#8221; color=&#8221;vista-blue&#8221; align=&#8221;center&#8221; css_animation=&#8221;none&#8221; link=&#8221;url:https%3A%2F%2Fnozama.pro%2Fwp-content%2Fuploads%2F2020%2F02%2FFC-APE-boite-appat-PM.pdf|||&#8221;][\/vc_column][vc_column width=&#8221;1\/3&#8243;][\/vc_column][vc_column width=&#8221;1\/3&#8243;][\/vc_column][\/vc_row]<\/p>\n","protected":false},"excerpt":{"rendered":"<p>[vc_row][vc_column][vc_column_text]Poste tunnel avec couvercle s\u00e9curis\u00e9\u00a0fermant \u00e0 cl\u00e9 afin d\u2019\u00e9viter l\u2019absorption\u00a0accidentelle par les animaux autres que\u00a0ceux pour qui le poison est destin\u00e9. les compartiments permettent le\u00a0positionnement \u00e0 l\u2019int\u00e9rieur du poste de\u00a0tous types d\u2019app\u00e2ts. \u00c9vite la dispersion des\u00a0app\u00e2ts.[\/vc_column_text][\/vc_column][\/vc_row][vc_row css=&#8221;.vc_custom_1569146561550{padding-top: 50px !important;}&#8221;][vc_column width=&#8221;1\/3&#8243;][vc_single_image image=&#8221;2939&#8243; alignment=&#8221;center&#8221;][vc_btn title=&#8221;Voir la fiche conseil&#8221; color=&#8221;vista-blue&#8221; align=&#8221;center&#8221; css_animation=&#8221;none&#8221; link=&#8221;url:https%3A%2F%2Fnozama.pro%2Fwp-content%2Fuploads%2F2020%2F02%2FFC-APE-boite-appat-PM.pdf|||&#8221;][\/vc_column][vc_column width=&#8221;1\/3&#8243;][\/vc_column][vc_column width=&#8221;1\/3&#8243;][\/vc_column][\/vc_row]<\/p>\n","protected":false},"featured_media":8351,"comment_status":"open","ping_status":"closed","template":"","meta":[],"product_cat":[101,110],"product_tag":[],"yoast_head":"<!-- This site is optimized with the Yoast SEO plugin v20.5 - https:\/\/yoast.com\/wordpress\/plugins\/seo\/ -->\n<title>Bo\u00eete d\u2019app\u00e2tage PM - nozama<\/title>\n<meta name=\"robots\" content=\"index, follow, max-snippet:-1, max-image-preview:large, max-video-preview:-1\" \/>\n<link rel=\"canonical\" href=\"https:\/\/nozama.pro\/index.php\/product\/boite-dappatage-pm\/\" \/>\n<meta property=\"og:locale\" content=\"fr_FR\" \/>\n<meta property=\"og:type\" content=\"article\" \/>\n<meta property=\"og:title\" content=\"Bo\u00eete d\u2019app\u00e2tage PM - nozama\" \/>\n<meta property=\"og:description\" content=\"[vc_row][vc_column][vc_column_text]Poste tunnel avec couvercle s\u00e9curis\u00e9\u00a0fermant \u00e0 cl\u00e9 afin d\u2019\u00e9viter l\u2019absorption\u00a0accidentelle par les animaux autres que\u00a0ceux pour qui le poison est destin\u00e9. les compartiments permettent le\u00a0positionnement \u00e0 l\u2019int\u00e9rieur du poste de\u00a0tous types d\u2019app\u00e2ts. \u00c9vite la dispersion des\u00a0app\u00e2ts.[\/vc_column_text][\/vc_column][\/vc_row][vc_row css=&#8221;.vc_custom_1569146561550{padding-top: 50px !important;}&#8221;][vc_column width=&#8221;1\/3&#8243;][vc_single_image image=&#8221;2939&#8243; alignment=&#8221;center&#8221;][vc_btn title=&#8221;Voir la fiche conseil&#8221; color=&#8221;vista-blue&#8221; align=&#8221;center&#8221; css_animation=&#8221;none&#8221; link=&#8221;url:https%3A%2F%2Fnozama.pro%2Fwp-content%2Fuploads%2F2020%2F02%2FFC-APE-boite-appat-PM.pdf|||&#8221;][\/vc_column][vc_column width=&#8221;1\/3&#8243;][\/vc_column][vc_column width=&#8221;1\/3&#8243;][\/vc_column][\/vc_row]\" \/>\n<meta property=\"og:url\" content=\"https:\/\/nozama.pro\/index.php\/product\/boite-dappatage-pm\/\" \/>\n<meta property=\"og:site_name\" content=\"nozama\" \/>\n<meta property=\"article:modified_time\" content=\"2024-03-02T21:22:11+00:00\" \/>\n<meta property=\"og:image\" content=\"https:\/\/nozama.pro\/wp-content\/uploads\/2020\/02\/APE-Boite-small.jpg\" \/>\n\t<meta property=\"og:image:width\" content=\"600\" \/>\n\t<meta property=\"og:image:height\" content=\"600\" \/>\n\t<meta property=\"og:image:type\" content=\"image\/jpeg\" \/>\n<meta name=\"twitter:card\" content=\"summary_large_image\" \/>\n<meta name=\"twitter:label1\" content=\"Dur\u00e9e de lecture estim\u00e9e\" \/>\n\t<meta name=\"twitter:data1\" content=\"1 minute\" \/>\n<script type=\"application\/ld+json\" class=\"yoast-schema-graph\">{\"@context\":\"https:\/\/schema.org\",\"@graph\":[{\"@type\":\"WebPage\",\"@id\":\"https:\/\/nozama.pro\/index.php\/product\/boite-dappatage-pm\/\",\"url\":\"https:\/\/nozama.pro\/index.php\/product\/boite-dappatage-pm\/\",\"name\":\"Bo\u00eete d\u2019app\u00e2tage PM - nozama\",\"isPartOf\":{\"@id\":\"https:\/\/nozama.pro\/#website\"},\"datePublished\":\"2020-02-04T05:28:29+00:00\",\"dateModified\":\"2024-03-02T21:22:11+00:00\",\"breadcrumb\":{\"@id\":\"https:\/\/nozama.pro\/index.php\/product\/boite-dappatage-pm\/#breadcrumb\"},\"inLanguage\":\"fr-FR\",\"potentialAction\":[{\"@type\":\"ReadAction\",\"target\":[\"https:\/\/nozama.pro\/index.php\/product\/boite-dappatage-pm\/\"]}]},{\"@type\":\"BreadcrumbList\",\"@id\":\"https:\/\/nozama.pro\/index.php\/product\/boite-dappatage-pm\/#breadcrumb\",\"itemListElement\":[{\"@type\":\"ListItem\",\"position\":1,\"name\":\"Accueil\",\"item\":\"https:\/\/nozama.pro\/\"},{\"@type\":\"ListItem\",\"position\":2,\"name\":\"Cat\u00e9gories\",\"item\":\"https:\/\/nozama.pro\/index.php\/categories\/\"},{\"@type\":\"ListItem\",\"position\":3,\"name\":\"Bo\u00eete d\u2019app\u00e2tage PM\"}]},{\"@type\":\"WebSite\",\"@id\":\"https:\/\/nozama.pro\/#website\",\"url\":\"https:\/\/nozama.pro\/\",\"name\":\"nozama\",\"description\":\"Les solutions du quotidien\",\"potentialAction\":[{\"@type\":\"SearchAction\",\"target\":{\"@type\":\"EntryPoint\",\"urlTemplate\":\"https:\/\/nozama.pro\/?s={search_term_string}\"},\"query-input\":\"required name=search_term_string\"}],\"inLanguage\":\"fr-FR\"}]}<\/script>\n<!-- \/ Yoast SEO plugin. -->","yoast_head_json":{"title":"Bo\u00eete d\u2019app\u00e2tage PM - nozama","robots":{"index":"index","follow":"follow","max-snippet":"max-snippet:-1","max-image-preview":"max-image-preview:large","max-video-preview":"max-video-preview:-1"},"canonical":"https:\/\/nozama.pro\/index.php\/product\/boite-dappatage-pm\/","og_locale":"fr_FR","og_type":"article","og_title":"Bo\u00eete d\u2019app\u00e2tage PM - nozama","og_description":"[vc_row][vc_column][vc_column_text]Poste tunnel avec couvercle s\u00e9curis\u00e9\u00a0fermant \u00e0 cl\u00e9 afin d\u2019\u00e9viter l\u2019absorption\u00a0accidentelle par les animaux autres que\u00a0ceux pour qui le poison est destin\u00e9. les compartiments permettent le\u00a0positionnement \u00e0 l\u2019int\u00e9rieur du poste de\u00a0tous types d\u2019app\u00e2ts. \u00c9vite la dispersion des\u00a0app\u00e2ts.[\/vc_column_text][\/vc_column][\/vc_row][vc_row css=&#8221;.vc_custom_1569146561550{padding-top: 50px !important;}&#8221;][vc_column width=&#8221;1\/3&#8243;][vc_single_image image=&#8221;2939&#8243; alignment=&#8221;center&#8221;][vc_btn title=&#8221;Voir la fiche conseil&#8221; color=&#8221;vista-blue&#8221; align=&#8221;center&#8221; css_animation=&#8221;none&#8221; link=&#8221;url:https%3A%2F%2Fnozama.pro%2Fwp-content%2Fuploads%2F2020%2F02%2FFC-APE-boite-appat-PM.pdf|||&#8221;][\/vc_column][vc_column width=&#8221;1\/3&#8243;][\/vc_column][vc_column width=&#8221;1\/3&#8243;][\/vc_column][\/vc_row]","og_url":"https:\/\/nozama.pro\/index.php\/product\/boite-dappatage-pm\/","og_site_name":"nozama","article_modified_time":"2024-03-02T21:22:11+00:00","og_image":[{"width":600,"height":600,"url":"https:\/\/nozama.pro\/wp-content\/uploads\/2020\/02\/APE-Boite-small.jpg","type":"image\/jpeg"}],"twitter_card":"summary_large_image","twitter_misc":{"Dur\u00e9e de lecture estim\u00e9e":"1 minute"},"schema":{"@context":"https:\/\/schema.org","@graph":[{"@type":"WebPage","@id":"https:\/\/nozama.pro\/index.php\/product\/boite-dappatage-pm\/","url":"https:\/\/nozama.pro\/index.php\/product\/boite-dappatage-pm\/","name":"Bo\u00eete d\u2019app\u00e2tage PM - nozama","isPartOf":{"@id":"https:\/\/nozama.pro\/#website"},"datePublished":"2020-02-04T05:28:29+00:00","dateModified":"2024-03-02T21:22:11+00:00","breadcrumb":{"@id":"https:\/\/nozama.pro\/index.php\/product\/boite-dappatage-pm\/#breadcrumb"},"inLanguage":"fr-FR","potentialAction":[{"@type":"ReadAction","target":["https:\/\/nozama.pro\/index.php\/product\/boite-dappatage-pm\/"]}]},{"@type":"BreadcrumbList","@id":"https:\/\/nozama.pro\/index.php\/product\/boite-dappatage-pm\/#breadcrumb","itemListElement":[{"@type":"ListItem","position":1,"name":"Accueil","item":"https:\/\/nozama.pro\/"},{"@type":"ListItem","position":2,"name":"Cat\u00e9gories","item":"https:\/\/nozama.pro\/index.php\/categories\/"},{"@type":"ListItem","position":3,"name":"Bo\u00eete d\u2019app\u00e2tage PM"}]},{"@type":"WebSite","@id":"https:\/\/nozama.pro\/#website","url":"https:\/\/nozama.pro\/","name":"nozama","description":"Les solutions du quotidien","potentialAction":[{"@type":"SearchAction","target":{"@type":"EntryPoint","urlTemplate":"https:\/\/nozama.pro\/?s={search_term_string}"},"query-input":"required name=search_term_string"}],"inLanguage":"fr-FR"}]}},"_links":{"self":[{"href":"https:\/\/nozama.pro\/index.php\/wp-json\/wp\/v3\/product\/8349"}],"collection":[{"href":"https:\/\/nozama.pro\/index.php\/wp-json\/wp\/v3\/product"}],"about":[{"href":"https:\/\/nozama.pro\/index.php\/wp-json\/wp\/v2\/types\/product"}],"replies":[{"embeddable":true,"href":"https:\/\/nozama.pro\/index.php\/wp-json\/wp\/v2\/comments?post=8349"}],"wp:featuredmedia":[{"embeddable":true,"href":"https:\/\/nozama.pro\/index.php\/wp-json\/wp\/v2\/media\/8351"}],"wp:attachment":[{"href":"https:\/\/nozama.pro\/index.php\/wp-json\/wp\/v2\/media?parent=8349"}],"wp:term":[{"taxonomy":"product_cat","embeddable":true,"href":"https:\/\/nozama.pro\/index.php\/wp-json\/wp\/v2\/product_cat?post=8349"},{"taxonomy":"product_tag","embeddable":true,"href":"https:\/\/nozama.pro\/index.php\/wp-json\/wp\/v2\/product_tag?post=8349"}],"curies":[{"name":"wp","href":"https:\/\/api.w.org\/{rel}","templated":true}]}}